{"id":54,"date":"2019-12-03T11:17:47","date_gmt":"2019-12-03T10:17:47","guid":{"rendered":"http:\/\/bavaria-eagles.de\/?page_id=54"},"modified":"2019-12-03T17:29:30","modified_gmt":"2019-12-03T16:29:30","slug":"impressum","status":"publish","type":"page","link":"http:\/\/bavaria-eagles.de\/index.php\/impressum\/","title":{"rendered":"Impressum"},"content":{"rendered":"\n<h3 class=\"wp-block-heading\">Jonas Rolfsen<\/h3>\n\n\n\n<p>49439 Steinfeld<br>Telefon: 05492 \/ 7137<br><\/p>\n\n\n\n<h3 class=\"wp-block-heading\">Datenschutzerkl\u00e4rung<\/h3>\n\n\n\n<p>Die Bavaria Eagles Steinfeld verpflichten sich, beim Umgang und der Verarbeitung der von Ihnen zur Verf\u00fcgung gestellten personenbezogenen Daten die Anforderungen des Bundesdatenschutzgesetzes einzuhalten.<\/p>\n\n\n\n<h3 class=\"wp-block-heading\">Urheberrecht<\/h3>\n\n\n\n<p>Copyright \u00a9 2010 Bavaria Eagles Steinfeld. Alle Rechte vorbehalten. Die Inhalte dieser Website sind urheberrechtlich gesch\u00fctzt und sind Eigentum der Bavaria Eagles Steinfeld.<\/p>\n\n\n\n<h3 class=\"wp-block-heading\">Aktualisierung\/Haftung<\/h3>\n\n\n\n<p>Die Bavaria Eagles Steinfeld sind stets bem\u00fcht, f\u00fcr die Richtigkeit und Aktualit\u00e4t aller auf ihrer Website enthaltenen Informationen und Daten zu sorgen. Eine Haftung oder Garantie f\u00fcr die Aktualit\u00e4t, Richtigkeit und Vollst\u00e4ndigkeit der zur Verf\u00fcgung gestellten Informationen und Daten ist jedoch ausgeschlossen. In keinem Fall wird f\u00fcr Sch\u00e4den, die sich aus der Verwendung der abgerufenen Informationen ergeben, eine Haftung \u00fcbernommen.<\/p>\n\n\n\n<p>Die Bavaria Eagles Steinfeld behalten sich vor, ohne Ank\u00fcndigung \u00c4nderungen oder Erg\u00e4nzungen der bereitgestellten Informationen oder Daten vorzunehmen.<\/p>\n\n\n\n<p>Das Landgericht Hamburg hat mit Urteil vom 12.05.1998 (312 O 85\/98) entschieden, dass man durch die Ausbringung eines Links die Inhalte der gelinkten Seite ggf. mit zu verantworten hat. Dies kann nach dem Urteil nur dadurch verhindert werden, dass man sich ausdr\u00fccklich von diesen Inhalten distanziert. F\u00fcr alle auf unseren Seiten gelegten Links gilt daher: \u201cWir erkl\u00e4ren ausdr\u00fccklich, dass wir keinen Einfluss auf die Gestaltung und die Inhalte der gelinkten Seiten haben. Deshalb distanzieren wir uns ausdr\u00fccklich von allen Inhalten der gelinkten Seiten auf der gesamten Homepage einschlie\u00dflich aller Unterseiten. Diese Erkl\u00e4rung gilt f\u00fcr alle auf unserer Homepage angezeigten Links und f\u00fcr die Inhalte aller Seiten, zu denen Links oder Banner f\u00fchren.\u201d<\/p>\n\n\n\n<h3 class=\"wp-block-heading\">Bildmaterial<\/h3>\n\n\n\n<p>Alle Bilder des Bavaria Eagles Steinfeld unterliegen dem Recht des Fanclubs. Bilder anderer Herkunft unterliegen Bestimmungen und Rechte durch Dritte, wie allianz-arena.com. Hier wurden Rechte zur Nutzung erworben. Alle Copyrightrechte der Titelbilder liegen bei der Allianz Arena\/B. Ducke.<\/p>\n ","protected":false},"excerpt":{"rendered":"<p>Jonas Rolfsen 49439 SteinfeldTelefon: 05492 \/ 7137 Datenschutzerkl\u00e4rung Die Bavaria Eagles Steinfeld verpflichten sich, beim Umgang und der Verarbeitung der von Ihnen zur Verf\u00fcgung gestellten personenbezogenen Daten die Anforderungen des Bundesdatenschutzgesetzes einzuhalten. Urheberrecht Copyright \u00a9 2010 Bavaria Eagles Steinfeld. Alle Rechte vorbehalten. Die Inhalte dieser Website sind urheberrechtlich gesch\u00fctzt und sind Eigentum der Bavaria Eagles Steinfeld. Aktualisierung\/Haftung Die Bavaria Eagles Steinfeld sind stets bem\u00fcht, f\u00fcr die Richtigkeit und Aktualit\u00e4t aller auf ihrer Website enthaltenen Informationen und Daten zu sorgen. Eine Haftung oder Garantie f\u00fcr die Aktualit\u00e4t, Richtigkeit und Vollst\u00e4ndigkeit der zur Verf\u00fcgung gestellten Informationen und Daten ist jedoch ausgeschlossen. In keinem Fall wird f\u00fcr Sch\u00e4den, die sich aus der Verwendung der abgerufenen Informationen ergeben, eine Haftung \u00fcbernommen. Die Bavaria Eagles Steinfeld behalten sich vor, ohne Ank\u00fcndigung \u00c4nderungen oder Erg\u00e4nzungen der bereitgestellten Informationen oder Daten vorzunehmen. Das Landgericht Hamburg hat mit Urteil vom 12.05.1998 (312 O 85\/98) entschieden, dass man durch&hellip;<\/p>\n<p> <a class=\"more-link\" href=\"http:\/\/bavaria-eagles.de\/index.php\/impressum\/\">Weiterlesen<\/a><\/p>\n","protected":false},"author":1,"featured_media":0,"parent":0,"menu_order":0,"comment_status":"closed","ping_status":"closed","template":"","meta":{"_uag_custom_page_level_css":"","footnotes":""},"class_list":["post-54","page","type-page","status-publish"],"uagb_featured_image_src":{"full":false,"thumbnail":false,"medium":false,"medium_large":false,"large":false,"1536x1536":false,"2048x2048":false,"a13_navigation_image_size":false},"uagb_author_info":{"display_name":"admin","author_link":"http:\/\/bavaria-eagles.de\/index.php\/author\/admin\/"},"uagb_comment_info":0,"uagb_excerpt":"Jonas Rolfsen 49439 SteinfeldTelefon: 05492 \/ 7137 Datenschutzerkl\u00e4rung Die Bavaria Eagles Steinfeld verpflichten sich, beim Umgang und der Verarbeitung der von Ihnen zur Verf\u00fcgung gestellten personenbezogenen Daten die Anforderungen des Bundesdatenschutzgesetzes einzuhalten. Urheberrecht Copyright \u00a9 2010 Bavaria Eagles Steinfeld. Alle Rechte vorbehalten. Die Inhalte dieser Website sind urheberrechtlich gesch\u00fctzt und sind Eigentum der Bavaria Eagles&hellip;","_links":{"self":[{"href":"http:\/\/bavaria-eagles.de\/index.php\/wp-json\/wp\/v2\/pages\/54"}],"collection":[{"href":"http:\/\/bavaria-eagles.de\/index.php\/wp-json\/wp\/v2\/pages"}],"about":[{"href":"http:\/\/bavaria-eagles.de\/index.php\/wp-json\/wp\/v2\/types\/page"}],"author":[{"embeddable":true,"href":"http:\/\/bavaria-eagles.de\/index.php\/wp-json\/wp\/v2\/users\/1"}],"replies":[{"embeddable":true,"href":"http:\/\/bavaria-eagles.de\/index.php\/wp-json\/wp\/v2\/comments?post=54"}],"version-history":[{"count":4,"href":"http:\/\/bavaria-eagles.de\/index.php\/wp-json\/wp\/v2\/pages\/54\/revisions"}],"predecessor-version":[{"id":144,"href":"http:\/\/bavaria-eagles.de\/index.php\/wp-json\/wp\/v2\/pages\/54\/revisions\/144"}],"wp:attachment":[{"href":"http:\/\/bavaria-eagles.de\/index.php\/wp-json\/wp\/v2\/media?parent=54"}],"curies":[{"name":"wp","href":"https:\/\/api.w.org\/{rel}","templated":true}]}}